2*o + z + 8, -4*z - 12 = c*o - l*o. What is the remainder when o is divided by 2?
1
Suppose -4 = -j + 4*s, 3*s = j + 2 - 9. Let i = -33 - -39. What is the remainder when j is divided by i?
4
Let k(v) = 2*v**2 + 5*v. Let l(j) = -2*j**2 - 4*j - 1. Let g(i) = 4*k(i) + 3*l(i). Calculate the remainder when g(-6) is divided by 11.
10
Suppose -2*h = 3*a + 3*h - 95, -138 = -4*a - h. Suppose 4*c - 45 = -y, -3*y + a = 2*c + 10. What is the remainder when 32 is divided by c?
10
Suppose -2*t = -z + 1, -2*z = -t - 8 - 0. Suppose 2*g + 3*y = 21, 3*g + t*g + 5*y - 45 = 0. Let u = 9 - g. What is the remainder when 6 is divided by u?
0
Suppose -3*s + 28 = -4*d, 2*s + 16 + 12 = -2*d. Let p = d + 28. What is the remainder when 71 is divided by p?
17
Let b = -1 + -6. Let i = 4 - b. What is the remainder when 32 is divided by i?
10
Suppose 0 = -2*v + 29 + 5. Calculate the remainder when 49 is divided by v.
15
Let d(a) = -a**2 - 8*a + 2. Let g be d(-8). Suppose p + g*j - 4 = 0, 5*p - 3*j - 107 = -22. What is the remainder when 40 is divided by p?
12
Calculate the remainder when 6 is divided by 7 + (-7 - (-3 - 1)).
2
Suppose -4*n + 10 = -3*n. Let h = -11 - -15. What is the remainder when (-184)/(-18) - n/45 is divided by h?
2
Suppose 5*k = 3*k + 2*q + 50, -k + 25 = -5*q. Suppose 2*n - 3*s = 59, -s - k = -n + 2*s. Calculate the remainder when n is divided by 12.
10
Let b = -8 - -21. Let j(g) = 3*g + 17. What is the remainder when b is divided by j(-4)?
3
What is the remainder when (2/(-2))/(17/(-1037)) is divided by 16?
13
Suppose 4*s = 2*y - 0*s, y = 3*s. Suppose y = 2*c - 5*c - 4*q + 68, 3*c - 2*q - 56 = 0. What is the remainder when c is divided by -2 + 4*1 + 5?
6
Suppose -3*j + j - 38 = 0. Let n = j - -36. What is the remainder when n is divided by 6?
5
Let d(r) = r**2 + 5*r - 5. Let w be d(-4). Calculate the remainder when 9 is divided by (12/w)/((-1)/3).
1
Let b(i) = -i**3 + 8*i**2 - 8*i + 6. Let s be b(8). Calculate the remainder when 26 is divided by s/(-8) + (-9)/36.
5
Suppose -z = -2*j + 67, j = -2*z + z + 32. Calculate the remainder when 196 is divided by j.
31
Suppose -4*q - 16 = -5*q. Suppose 0 = -3*d - 5*a + 31, -5*d + a + 11 + 50 = 0. Let x = d + -6. What is the remainder when q is divided by x?
4
What is the remainder when 157 is divided by (4 + -3)*(-1 - -17)?
13
Let q = 24 + -5. What is the remainder when 55 is divided by q?
17
Suppose -a + 3 + 4 = 3*z, 5*a = 4*z - 3. Let s be (0 - -1)*1 + 2. Suppose 2 = -z*r + s*r. What is the remainder when 2 is divided by r?
0
Suppose -q + 24 = -15. Let h = q + 7. What is the remainder when h is divided by 3/12 - (-94)/8?
10
Let y(p) be the first derivative of p**3/3 - 4*p**2 + 4*p - 4. Suppose v + 2*i + 5 = -3, 4*i + 20 = 0. What is the remainder when y(8) is divided by v?
0
Suppose -485 = 8*r - 13*r. Calculate the remainder when r is divided by 20.
17
Suppose 0 = 2*b + 2*d - 48, -4*b + d + 34 = -3*b. What is the remainder when b is divided by ((-2)/4)/(1/(-30))?
14
Suppose -m - 2 = 1. Let t(d) = 2*d**2 + 2*d - 1. Suppose 2*v - 12 = -0*v. Calculate the remainder when t(m) is divided by v.
5
Suppose 0*z - z - 3*s = -49, 5*s = -3*z + 139. Suppose -5*j - 9 = d, 6*d + 4*j - 39 = d. Calculate the remainder when z is divided by d.
10
What is the remainder when (-18)/27*(-366)/4 is divided by 16?
13
Suppose -4 = 4*j - 12. Suppose -3 = -j*p - p. Let n = p - -2. What is the remainder when 5 is divided by n?
2
Let p = -55 - -70. What is the remainder when p is divided by 6?
3
Suppose -a = -40 + 132. Let n = -47 - a. Suppose 2*u - 2*w - 40 = 2*w, -20 = -2*u - w. Calculate the remainder when n is divided by u.
9
Let s = 447 - 222. Suppose -2*a = 5*h - 6*a - 255, 4*h + a - s = 0. Suppose -5*c + h - 5 = 3*k, c + 3*k = 22. Calculate the remainder when c is divided by 4.
3
Let r = 70 + -19. Calculate the remainder when r is divided by 26.
25
Suppose 7*f - 4*f = 9. Let p = -3 - 54. Calculate the remainder when p/(-12) + (-6)/8 is divided by f.
1
Calculate the remainder when 46 is divided by 6*(-16)/(-36)*9.
22
Let q = 43 - 21. What is the remainder when 77 is divided by q?
11
Let x(k) = k**2 + 6*k + 3. Let n be x(-6). Suppose -n*u + 22 = -u. Calculate the remainder when 21 + ((-9)/3 - -2) is divided by u.
9
Let n(m) = m - 12. What is the remainder when n(19) is divided by 4?
3
Suppose 0 = -7*m - 3*m + 420. What is the remainder when m is divided by 15?
12
Suppose -5*t - o = 4*o + 10, 2*t = -4*o - 4. Calculate the remainder when (18/15)/(t/(-70)) is divided by 15.
12
Let d(a) = 7*a**2 + a. Let f = -5 + 8. Suppose 4*n = 5*z - 0*n - 66, 3*n - 18 = -f*z. What is the remainder when z is divided by d(-1)?
4
Let n(z) = z - 5. Let t be n(9). Suppose t*h + 41 = 5*h. Calculate the remainder when h is divided by (-64)/(-3) - 2/6.
20
Let q = -12 + 19. Suppose -9 - q = -g. What is the remainder when 62 is divided by g?
14
Suppose -4*c = 2*c - 384. Calculate the remainder when c is divided by 11.
9
Let m = -6 + 2. Let n(u) = u**2 + 1. Let y(w) = -4*w**2 + 2*w + 3. Let z(t) = -3*n(t) - y(t). What is the remainder when z(m) is divided by 10?
8
Suppose 0*g + 2*g - 3*i = 45, 5*g - 3*i - 90 = 0. Let n(a) = a**2 - 6*a + 6. Let y be n(4). Calculate the remainder when 2 is divided by (y/(-10))/(3/g).
0
Let t(u) = -u - 4. Let g(r) = -r**3 + 2*r**2 + r. Calculate the remainder when g(2) is divided by t(-6).
0
Suppose -2*s + 36 = 4*z, 90 = 5*s + 3*z + 2*z. Calculate the remainder when 29 is divided by s.
11
Let f(k) be the second derivative of k**4/12 + 2*k**3/3 - k. Let g be f(-3). Let h(x) = -x**2 - 5*x - 2. Calculate the remainder when h(g) is divided by 3.
1
Let l = -47 + 81. Let p = -4 + 4. What is the remainder when l is divided by (3/(-4) + p)*-24?
16
Let w = 3 - -4. Let v = w - -3. What is the remainder when v is divided by 4?
2
Let l = 36 - 26. What is the remainder when 19 is divided by l?
9
Let n(g) = -11*g + 2. Let y be 38/8 - (-13)/52. Suppose -42 = -y*f + 3*d + 18, 55 = 2*f + 5*d. Calculate the remainder when n(-5) is divided by f.
12
Let d = -91 - -133. Calculate the remainder when d is divided by 11.
9
Suppose -10 + 90 = 5*b + 5*p, 0 = -4*b + 3*p + 85. What is the remainder when 54 is divided by b?
16
Let o = -8 + 17. Let g = -7 + o. Suppose -4*s + 7 = -1. What is the remainder when s is divided by g?
0
Let i be (-218)/(-4) - (-3)/2. Suppose -3*g + 7*g = -i. Let c = -7 - g. Calculate the remainder when 12 is divided by c.
5
Suppose 2*w - 2*r - 34 = w, -3*w + 82 = -r. What is the remainder when w is divided by 15?
11
Let y = 4 - 2. Suppose w - 7 = -y. Suppose w*n = 12 + 58. What is the remainder when 40 is divided by n?
12
Let o(w) = w**2 - 2. Let l be o(-2). Suppose l*j - 9 = -j. Suppose 0 = 4*c + 2*y - 36, -2*y - 12 = -4*c + 2*c. Calculate the remainder when c is divided by j.
2
What is the remainder when (1*-1)/(5/(-25)*1) is divided by 2?
1
Let u(k) = -2*k**2 - 12*k + 4. Calculate the remainder when 13 is divided by u(-6).
1
Let c = -4 + 27. What is the remainder when 44 is divided by c?
21
Let k(i) = i**2 - i + 10. Calculate the remainder when (-5)/(-45) + (-152)/(-9) is divided by k(0).
7
Let i = 24 - 14. Let o = i - -42. Suppose -z + 5*z - o = 0. What is the remainder when 24 is divided by z?
11
Let t be -4 - (-4)/(4/7). Suppose 3*j + 0*j + 4*x = 43, 2*x = -t*j + 53. Calculate the remainder when 41 is divided by j.
20
Suppose -6*v = -v - 25. Suppose -v*z = 49 - 209. What is the remainder when z is divided by 11?
10
Let m = -2 + 2. Suppose m = -5*k + 194 + 26. What is the remainder when k is divided by 15?
14
What is the remainder when -4 + 4/((-8)/(-62)) is divided by 14?
13
Let f = -2 - -5. Calculate the remainder when 4 is divided by f.
1
What is the remainder when ((-4)/(-14))/(13/637) is divided by 5?
4
Suppose s - 2 = -j, 0 = -3*s - j - 3*j + 5. Suppose 14 = -12*v + 50. What is the remainder when v is divided by s?
0
Suppose 0 = -2*l - 0*l + 3*h + 20, -2*l + 4*h + 18 = 0. Let p = -74 - -112. What is the remainder when p is divided by l?
12
Suppose 0 = -4*t + 2*v + 146, 0*t - 2*t + 4*v + 88 = 0. What is the remainder when t is divided by 18?
16
Let f = -31 + 54. Suppose -26 = -b - b + 3*i, b = 4*i + f. Suppose -5*c = -11 - 4. What is the remainder when b is divided by c?
1
Suppose -v - 8 = -3*v. Suppose 107 - 27 = v*o. Sup